{"id":909,"date":"2020-01-29T21:58:24","date_gmt":"2020-01-29T20:58:24","guid":{"rendered":"https:\/\/plaisance-citoyenne.fr\/site\/?page_id=909"},"modified":"2020-01-29T21:58:24","modified_gmt":"2020-01-29T20:58:24","slug":"luca-amodei","status":"publish","type":"page","link":"https:\/\/www.plaisance-citoyenne.fr\/site\/luca-amodei\/","title":{"rendered":"Luca Amodei"},"content":{"rendered":"\n<p>J&rsquo;habite \u00e0 Plaisance-du-Touch depuis plus de 30 ans, je suis mari\u00e9, p\u00e8re de deux enfants (un gar\u00e7on et une fille) et grand-p\u00e8re d&rsquo;un petit gar\u00e7on et d&rsquo;une petite fille.<\/p>\n\n\n\n<figure class=\"wp-block-image size-large\"><img loading=\"lazy\" decoding=\"async\" width=\"800\" height=\"534\" src=\"https:\/\/www.plaisance-citoyenne.fr\/site\/wp-content\/uploads\/2020\/02\/IMG_1171.jpg\" alt=\"Luca Amodei\" class=\"wp-image-1071\" srcset=\"https:\/\/www.plaisance-citoyenne.fr\/site\/wp-content\/uploads\/2020\/02\/IMG_1171.jpg 800w, https:\/\/www.plaisance-citoyenne.fr\/site\/wp-content\/uploads\/2020\/02\/IMG_1171-300x200.jpg 300w, https:\/\/www.plaisance-citoyenne.fr\/site\/wp-content\/uploads\/2020\/02\/IMG_1171-768x513.jpg 768w\" sizes=\"auto, (max-width: 800px) 100vw, 800px\" \/><figcaption>Luca Amodei<\/figcaption><\/figure>\n","protected":false},"excerpt":{"rendered":"<p>J&rsquo;habite \u00e0 Plaisance-du-Touch depuis plus de 30 ans, je suis mari\u00e9, p\u00e8re de deux enfants (un gar\u00e7on et une fille) et grand-p\u00e8re d&rsquo;un petit gar\u00e7on et d&rsquo;une petite fille.<\/p>\n","protected":false},"author":3,"featured_media":0,"parent":0,"menu_order":0,"comment_status":"closed","ping_status":"closed","template":"","meta":{"footnotes":""},"class_list":["post-909","page","type-page","status-publish","hentry"],"yoast_head":"<!-- This site is optimized with the Yoast SEO plugin v27.2 - https:\/\/yoast.com\/product\/yoast-seo-wordpress\/ -->\n<title>Luca Amodei - Plaisance Citoyenne<\/title>\n<meta name=\"robots\" content=\"index, follow, max-snippet:-1, max-image-preview:large, max-video-preview:-1\" \/>\n<link rel=\"canonical\" href=\"https:\/\/www.plaisance-citoyenne.fr\/site\/luca-amodei\/\" \/>\n<meta property=\"og:locale\" content=\"fr_FR\" \/>\n<meta property=\"og:type\" content=\"article\" \/>\n<meta property=\"og:title\" content=\"Luca Amodei - Plaisance Citoyenne\" \/>\n<meta property=\"og:description\" content=\"J&rsquo;habite \u00e0 Plaisance-du-Touch depuis plus de 30 ans, je suis mari\u00e9, p\u00e8re de deux enfants (un gar\u00e7on et une fille) et grand-p\u00e8re d&rsquo;un petit gar\u00e7on et d&rsquo;une petite fille.\" \/>\n<meta property=\"og:url\" content=\"https:\/\/www.plaisance-citoyenne.fr\/site\/luca-amodei\/\" \/>\n<meta property=\"og:site_name\" content=\"Plaisance Citoyenne\" \/>\n<meta property=\"article:publisher\" content=\"https:\/\/www.facebook.com\/plaisancecitoyenne\/\" \/>\n<meta property=\"og:image\" content=\"http:\/\/www.plaisance-citoyenne.fr\/site\/wp-content\/uploads\/2020\/02\/IMG_1171.jpg\" \/>\n<meta name=\"twitter:card\" content=\"summary_large_image\" \/>\n<script type=\"application\/ld+json\" class=\"yoast-schema-graph\">{\"@context\":\"https:\/\/schema.org\",\"@graph\":[{\"@type\":\"WebPage\",\"@id\":\"https:\/\/www.plaisance-citoyenne.fr\/site\/luca-amodei\/\",\"url\":\"https:\/\/www.plaisance-citoyenne.fr\/site\/luca-amodei\/\",\"name\":\"Luca Amodei - Plaisance Citoyenne\",\"isPartOf\":{\"@id\":\"https:\/\/www.plaisance-citoyenne.fr\/site\/#website\"},\"primaryImageOfPage\":{\"@id\":\"https:\/\/www.plaisance-citoyenne.fr\/site\/luca-amodei\/#primaryimage\"},\"image\":{\"@id\":\"https:\/\/www.plaisance-citoyenne.fr\/site\/luca-amodei\/#primaryimage\"},\"thumbnailUrl\":\"http:\/\/www.plaisance-citoyenne.fr\/site\/wp-content\/uploads\/2020\/02\/IMG_1171.jpg\",\"datePublished\":\"2020-01-29T20:58:24+00:00\",\"breadcrumb\":{\"@id\":\"https:\/\/www.plaisance-citoyenne.fr\/site\/luca-amodei\/#breadcrumb\"},\"inLanguage\":\"fr-FR\",\"potentialAction\":[{\"@type\":\"ReadAction\",\"target\":[\"https:\/\/www.plaisance-citoyenne.fr\/site\/luca-amodei\/\"]}]},{\"@type\":\"ImageObject\",\"inLanguage\":\"fr-FR\",\"@id\":\"https:\/\/www.plaisance-citoyenne.fr\/site\/luca-amodei\/#primaryimage\",\"url\":\"https:\/\/www.plaisance-citoyenne.fr\/site\/wp-content\/uploads\/2020\/02\/IMG_1171.jpg\",\"contentUrl\":\"https:\/\/www.plaisance-citoyenne.fr\/site\/wp-content\/uploads\/2020\/02\/IMG_1171.jpg\",\"width\":800,\"height\":534,\"caption\":\"Luca Amodei\"},{\"@type\":\"BreadcrumbList\",\"@id\":\"https:\/\/www.plaisance-citoyenne.fr\/site\/luca-amodei\/#breadcrumb\",\"itemListElement\":[{\"@type\":\"ListItem\",\"position\":1,\"name\":\"Accueil\",\"item\":\"https:\/\/www.plaisance-citoyenne.fr\/site\/\"},{\"@type\":\"ListItem\",\"position\":2,\"name\":\"Luca Amodei\"}]},{\"@type\":\"WebSite\",\"@id\":\"https:\/\/www.plaisance-citoyenne.fr\/site\/#website\",\"url\":\"https:\/\/www.plaisance-citoyenne.fr\/site\/\",\"name\":\"Plaisance Citoyenne\",\"description\":\"Et si demain on changeait de gouvernance ?\",\"publisher\":{\"@id\":\"https:\/\/www.plaisance-citoyenne.fr\/site\/#organization\"},\"potentialAction\":[{\"@type\":\"SearchAction\",\"target\":{\"@type\":\"EntryPoint\",\"urlTemplate\":\"https:\/\/www.plaisance-citoyenne.fr\/site\/?s={search_term_string}\"},\"query-input\":{\"@type\":\"PropertyValueSpecification\",\"valueRequired\":true,\"valueName\":\"search_term_string\"}}],\"inLanguage\":\"fr-FR\"},{\"@type\":\"Organization\",\"@id\":\"https:\/\/www.plaisance-citoyenne.fr\/site\/#organization\",\"name\":\"Plaisance Citoyenne\",\"url\":\"https:\/\/www.plaisance-citoyenne.fr\/site\/\",\"logo\":{\"@type\":\"ImageObject\",\"inLanguage\":\"fr-FR\",\"@id\":\"https:\/\/www.plaisance-citoyenne.fr\/site\/#\/schema\/logo\/image\/\",\"url\":\"https:\/\/www.plaisance-citoyenne.fr\/site\/wp-content\/uploads\/2025\/08\/cropped-logo-1.png\",\"contentUrl\":\"https:\/\/www.plaisance-citoyenne.fr\/site\/wp-content\/uploads\/2025\/08\/cropped-logo-1.png\",\"width\":512,\"height\":341,\"caption\":\"Plaisance Citoyenne\"},\"image\":{\"@id\":\"https:\/\/www.plaisance-citoyenne.fr\/site\/#\/schema\/logo\/image\/\"},\"sameAs\":[\"https:\/\/www.facebook.com\/plaisancecitoyenne\/\",\"https:\/\/www.instagram.com\/plaisancecitoyenne\/\"]}]}<\/script>\n<!-- \/ Yoast SEO plugin. -->","yoast_head_json":{"title":"Luca Amodei - Plaisance Citoyenne","robots":{"index":"index","follow":"follow","max-snippet":"max-snippet:-1","max-image-preview":"max-image-preview:large","max-video-preview":"max-video-preview:-1"},"canonical":"https:\/\/www.plaisance-citoyenne.fr\/site\/luca-amodei\/","og_locale":"fr_FR","og_type":"article","og_title":"Luca Amodei - Plaisance Citoyenne","og_description":"J&rsquo;habite \u00e0 Plaisance-du-Touch depuis plus de 30 ans, je suis mari\u00e9, p\u00e8re de deux enfants (un gar\u00e7on et une fille) et grand-p\u00e8re d&rsquo;un petit gar\u00e7on et d&rsquo;une petite fille.","og_url":"https:\/\/www.plaisance-citoyenne.fr\/site\/luca-amodei\/","og_site_name":"Plaisance Citoyenne","article_publisher":"https:\/\/www.facebook.com\/plaisancecitoyenne\/","og_image":[{"url":"http:\/\/www.plaisance-citoyenne.fr\/site\/wp-content\/uploads\/2020\/02\/IMG_1171.jpg","type":"","width":"","height":""}],"twitter_card":"summary_large_image","schema":{"@context":"https:\/\/schema.org","@graph":[{"@type":"WebPage","@id":"https:\/\/www.plaisance-citoyenne.fr\/site\/luca-amodei\/","url":"https:\/\/www.plaisance-citoyenne.fr\/site\/luca-amodei\/","name":"Luca Amodei - Plaisance Citoyenne","isPartOf":{"@id":"https:\/\/www.plaisance-citoyenne.fr\/site\/#website"},"primaryImageOfPage":{"@id":"https:\/\/www.plaisance-citoyenne.fr\/site\/luca-amodei\/#primaryimage"},"image":{"@id":"https:\/\/www.plaisance-citoyenne.fr\/site\/luca-amodei\/#primaryimage"},"thumbnailUrl":"http:\/\/www.plaisance-citoyenne.fr\/site\/wp-content\/uploads\/2020\/02\/IMG_1171.jpg","datePublished":"2020-01-29T20:58:24+00:00","breadcrumb":{"@id":"https:\/\/www.plaisance-citoyenne.fr\/site\/luca-amodei\/#breadcrumb"},"inLanguage":"fr-FR","potentialAction":[{"@type":"ReadAction","target":["https:\/\/www.plaisance-citoyenne.fr\/site\/luca-amodei\/"]}]},{"@type":"ImageObject","inLanguage":"fr-FR","@id":"https:\/\/www.plaisance-citoyenne.fr\/site\/luca-amodei\/#primaryimage","url":"https:\/\/www.plaisance-citoyenne.fr\/site\/wp-content\/uploads\/2020\/02\/IMG_1171.jpg","contentUrl":"https:\/\/www.plaisance-citoyenne.fr\/site\/wp-content\/uploads\/2020\/02\/IMG_1171.jpg","width":800,"height":534,"caption":"Luca Amodei"},{"@type":"BreadcrumbList","@id":"https:\/\/www.plaisance-citoyenne.fr\/site\/luca-amodei\/#breadcrumb","itemListElement":[{"@type":"ListItem","position":1,"name":"Accueil","item":"https:\/\/www.plaisance-citoyenne.fr\/site\/"},{"@type":"ListItem","position":2,"name":"Luca Amodei"}]},{"@type":"WebSite","@id":"https:\/\/www.plaisance-citoyenne.fr\/site\/#website","url":"https:\/\/www.plaisance-citoyenne.fr\/site\/","name":"Plaisance Citoyenne","description":"Et si demain on changeait de gouvernance ?","publisher":{"@id":"https:\/\/www.plaisance-citoyenne.fr\/site\/#organization"},"potentialAction":[{"@type":"SearchAction","target":{"@type":"EntryPoint","urlTemplate":"https:\/\/www.plaisance-citoyenne.fr\/site\/?s={search_term_string}"},"query-input":{"@type":"PropertyValueSpecification","valueRequired":true,"valueName":"search_term_string"}}],"inLanguage":"fr-FR"},{"@type":"Organization","@id":"https:\/\/www.plaisance-citoyenne.fr\/site\/#organization","name":"Plaisance Citoyenne","url":"https:\/\/www.plaisance-citoyenne.fr\/site\/","logo":{"@type":"ImageObject","inLanguage":"fr-FR","@id":"https:\/\/www.plaisance-citoyenne.fr\/site\/#\/schema\/logo\/image\/","url":"https:\/\/www.plaisance-citoyenne.fr\/site\/wp-content\/uploads\/2025\/08\/cropped-logo-1.png","contentUrl":"https:\/\/www.plaisance-citoyenne.fr\/site\/wp-content\/uploads\/2025\/08\/cropped-logo-1.png","width":512,"height":341,"caption":"Plaisance Citoyenne"},"image":{"@id":"https:\/\/www.plaisance-citoyenne.fr\/site\/#\/schema\/logo\/image\/"},"sameAs":["https:\/\/www.facebook.com\/plaisancecitoyenne\/","https:\/\/www.instagram.com\/plaisancecitoyenne\/"]}]}},"jetpack_sharing_enabled":true,"_links":{"self":[{"href":"https:\/\/www.plaisance-citoyenne.fr\/site\/wp-json\/wp\/v2\/pages\/909","targetHints":{"allow":["GET"]}}],"collection":[{"href":"https:\/\/www.plaisance-citoyenne.fr\/site\/wp-json\/wp\/v2\/pages"}],"about":[{"href":"https:\/\/www.plaisance-citoyenne.fr\/site\/wp-json\/wp\/v2\/types\/page"}],"author":[{"embeddable":true,"href":"https:\/\/www.plaisance-citoyenne.fr\/site\/wp-json\/wp\/v2\/users\/3"}],"replies":[{"embeddable":true,"href":"https:\/\/www.plaisance-citoyenne.fr\/site\/wp-json\/wp\/v2\/comments?post=909"}],"version-history":[{"count":0,"href":"https:\/\/www.plaisance-citoyenne.fr\/site\/wp-json\/wp\/v2\/pages\/909\/revisions"}],"wp:attachment":[{"href":"https:\/\/www.plaisance-citoyenne.fr\/site\/wp-json\/wp\/v2\/media?parent=909"}],"curies":[{"name":"wp","href":"https:\/\/api.w.org\/{rel}","templated":true}]}}